w**3 - 1. Give q(4).
-13
Let b(o) = 2*o**2 + 5*o - 4. Suppose 0 = -13*p - 701 - 1405. Let d = p - -158. Calculate b(d).
8
Let m(h) be the third derivative of h**6/120 - h**5/15 + h**4/24 - h**3/6 + 3*h**2 + 2*h. Suppose -5*u = -50 - 170. Let t = u + -40. What is m(t)?
3
Let k(d) = d**2 + 6*d + 1. Suppose -2 - 6 = -4*y - t, -t = -3*y + 6. Suppose -5*q = -6*q + y. Suppose 0 = 2*l + 4*h + q, 1 = -2*l + 3*l + 3*h. Calculate k(l).
-4
Let s(p) = 9*p + 2. Let d(w) be the third derivative of w**4/12 - 7*w**3/6 + 3*w**2 + 3*w. Let i be d(5). Determine s(i).
29
Suppose m - 87 = -g - 3*g, 3*g - m = 67. Let o be 2/5 - (-88)/55. Let i(r) = -3*r - g + r**o - 23 + 48. Determine i(3).
3
Let q(l) = 3*l**3 + 20*l**2 - 17*l + 22. Let t(b) = -2*b**3 - 13*b**2 + 11*b - 14. Let d(j) = 7*q(j) + 11*t(j). Calculate d(-3).
-6
Let f(y) = 4*y**2 + 57*y + 8. Let p(l) = l**2 + 5*l + 1. Let o(v) = -f(v) + 3*p(v). Calculate o(-42).
-5
Suppose 19 = d + 17. Let q(c) = 3 + 586*c**d - 20 - 587*c**2 - 15*c. Calculate q(-13).
9
Let r(z) = z**2 + 3*z + 10. Suppose 0 = -1545*m + 1532*m + 65. Determine r(m).
50
Let b(t) = -t**3 + 8*t**2 + 13*t - 6. Suppose 235 = 125*i - 95 - 795. Give b(i).
30
Let r be -32 + 72/10*(-420)/(-336). Let o(g) = -g**3 - 23*g**2 - 4*g - 52. What is o(r)?
40
Let d(i) be the third derivative of i**7/840 + i**6/40 - i**5/120 - i**4/6 - 83*i**3/6 + 116*i**2. Let g(v) be the first derivative of d(v). Determine g(-9).
5
Let c(g) = g**3 - g**2 + g + 4. Let n be c(0). Suppose n = p + 3*x - x, -50 = 5*p - 4*x. Let j(a) = a**2 + 9 - 103*a + 55*a + 57*a. What is j(p)?
-9
Let t(u) = u**2 + 6*u + 19. Let m be t(-5). Let n be (-52)/7 - m/49*2. Let a(q) = -q**3 - 7*q**2 + 7*q - 5. Calculate a(n).
3
Let z(r) = -r**2 - 7*r + 5. Let k be z(-7). Let o be (-2)/(-3)*13932/24. Let h(j) = -383 - 5*j**3 - 2*j + o + 2*j**2 + 3*j**2 + 4*j**3. What is h(k)?
-6
Suppose -v + 3*v - 3*d = -125, 121 = -2*v - d. Let k be (-4)/(-18) + v/(-9). Let w(c) be the first derivative of c**3/3 - 7*c**2/2 + c - 79. Determine w(k).
1
Let m(c) = -c**3 - c**2 + 2*c - 2. Let i = 7475 + -7474. What is m(i)?
-2
Let x(n) = -n**2 + 25*n - 81. Let q(i) = i**3 + 14*i**2 - 113*i - 38. Let o be q(6). What is x(o)?
3
Suppose -s = -5*j + 22 + 49, 5*s + 3*j = -327. Let k = -60 - s. Let r(w) = 2*w + 4 - k - 1 - 5*w. What is r(-3)?
6
Suppose 32*m - 574 = -158. Let p(f) = 5*f - 11*f**2 - 3*f**2 - 13*f**2 - m + 0*f + 21*f**2 + f**3. Calculate p(6).
17
Let f(i) be the second derivative of 2*i**3/3 - 7*i**2/2 - 49*i + 1. Give f(4).
9
Let v(u) = 5*u**3 + 2*u - 1. Suppose -27*k + 1544 = 1517. Determine v(k).
6
Let k(q) be the first derivative of q**4/2 - 8*q**3/3 - 3*q**2/2 + 4*q + 4395. Give k(4).
-8
Let i(z) = z**2 + 99*z - 402. Let o be i(4). Let u(r) = -6*r + 9. Give u(o).
-51
Let t(v) be the first derivative of v**4/4 - 4*v**3 + 13*v**2 - 61*v - 2541. Calculate t(10).
-1
Let u(m) = -5*m**3 - m**2 + 2*m + 12. Let p(s) = -2*s**3 - s**2 + s + 6. Let j(z) = -7*p(z) + 3*u(z). Let i be (1 - (-17)/(-34))*(0 + 10). What is j(i)?
-36
Let o(r) be the third derivative of 0 - 11/60*r**5 - 1/120*r**6 + 0*r - 61*r**2 + 1/24*r**4 + 11/6*r**3. What is o(-11)?
0
Let f = 5592/19 + -16700/57. Let b(n) be the second derivative of -1/20*n**5 + 2*n - 3*n**2 + 3/4*n**4 - 5 - f*n**3. Give b(8).
-6
Suppose 0 = -6*m + 8 + 10. Suppose -m*n + 39 = -51. Suppose -a + 32 - n = 0. Let q(l) = l**3 + 3*l**2 - 2*l + 3. What is q(a)?
19
Suppose o = -4*z + 34, 26 = 5*o + 309*z - 307*z. Let g(t) be the second derivative of -21*t - 1/2*t**3 + 0 - 1/2*t**o. Calculate g(6).
-19
Let c(m) = m**3 - 12*m**2 + 10*m + 9. Let a(r) = -r + 1. Let u(v) = -2*v + 19. Let b(w) = 3*a(w) - u(w). Let x be b(-27). Determine c(x).
-2
Let a(p) = -7*p**3 + 2*p**2 - 2*p + 1. Let y(r) = r**2 + 45 + 51*r + 61*r + 48*r - 145*r. Let z be y(-11). Determine a(z).
-6
Let r(v) be the first derivative of v**4/4 + 5*v**3 + 3*v**2/2 + 45*v + 1982. What is r(-15)?
0
Let o(c) be the third derivative of -c**6/120 - c**5/15 + c**4/12 + c**3/3 + 19*c**2 - 14. Determine o(-3).
-13
Suppose 0 = 6*y - 2*y + 12. Suppose 9*f - 8*f = 351. Let t(a) = f*a - 2*a**2 - 347*a + 4*a**2 + 1. What is t(y)?
7
Let x = -111 + 118. Let h(i) be the first derivative of i**6/360 - i**5/15 + i**4/3 + 13*i**3 - 21. Let c(q) be the third derivative of h(q). Give c(x).
1
Let o(a) = a**2 + 55*a + 11. Suppose 0 = 3*p - 4*m + 12, -85*p + 84*p + 3*m - 9 = 0. What is o(p)?
11
Let n be 85/34*(1 - -1). Let q(j) = j**2 + 2*j - 7*j**2 + 534*j**3 + n - 533*j**3. Suppose -2*i + 8 = 0, -i = -t + 3*i - 11. Determine q(t).
-10
Let m(v) = -127*v**3 + 775*v**2 - 779*v**2 + 4 + 128*v**3 - 5*v. Let h(a) = -a + 1. Let q be h(3). Let k = q - -7. Give m(k).
4
Let i(g) = g**2 + 11*g - 19. Suppose -7*v + 5*v + 2*c - 46 = 0, 2*c - 14 = 0. Give i(v).
61
Let n(a) = 20*a - 1. Let s(x) = -65*x + 8. Let z(f) = -3*n(f) - s(f). Let d(p) = p - 4. Let v be d(11). Determine z(v).
30
Let r(s) be the first derivative of -s**2/2 - 3*s - 3. Suppose 813*j - 5 = 814*j. What is r(j)?
2
Let q(z) be the third derivative of z**5/60 + z**4/12 - 11*z**3/2 - 10*z**2. Let v be q(5). Let d(l) = -l + 5. Calculate d(v).
3
Let z(v) = -v**2 - v. Let u(f) = -4*f + 4. Let o(a) = u(a) + 2*z(a). Let j(r) be the first derivative of o(r). Let m = -147 + 143. Give j(m).
10
Suppose 2*k = 3*z - 47, -4*k - 6*z + 5*z = 129. Let f(t) = 7*t + 206. What is f(k)?
-11
Let y(t) = -t**2 + t + 8. Suppose 4*b + 4*r - 324 = 0, -7*b - 101 = -8*b + 3*r. Suppose -9 = 2*k - 181. Let w = b - k. Give y(w).
8
Let k(l) = -11*l + 13. Let p = 235 - 222. Let h(u) = 23*u - 28. Let f(t) = p*k(t) + 6*h(t). Let a = -2 - -1. Give f(a).
6
Let g be (-8)/(-16)*(443 - -1)/(-1). Let k = -218 - g. Let p(u) = u. Let r(l) = 2*l + 3. Let m(c) = 6*p(c) - 2*r(c). Calculate m(k).
2
Let v(s) = -3*s - 5. Let t(u) = -2*u**2 - 23*u + 16. Let y be t(-12). Let k(d) = d + 1. Let q(i) = y*k(i) + v(i). Let x = -4 - 4. Give q(x).
-9
Let o(c) = -c**3 + 6*c**2 - 4*c - 1. Let w = 426 + -431. Let v be (w/20)/(-2*(-2)/(-80)). What is o(v)?
4
Let a(n) = 2*n**2 - 14*n - 31. Suppose 4*k = 3*b + 58 - 17, 0 = -3*b - 9. Determine a(k).
-15
Let c(q) = -460312*q - 12 + 230149*q + 230153*q. Determine c(-4).
28
Suppose 3*a - 7 + 40 = o, 0 = -o - 2*a + 28. Suppose -o + 42 = -6*b. Let l(x) = -2*x**2 + x + 1. What is l(b)?
-9
Let d(s) = -2*s**3 + 9*s**2 - s - 3. Suppose -236 + 606 - 210 = 40*j. Give d(j).
9
Let p(h) be the first derivative of 1/2*h**2 + 0*h - 117. Determine p(-9).
-9
Let q(c) be the first derivative of c**2/2 - 5*c + 723. Determine q(13).
8
Let c(w) = 30 - 915*w**2 - 922*w**2 - 125 - 209 - 14*w + 1838*w**2. What is c(-12)?
8
Let s be -1 + (-5)/(-7) - 12544/(-5488). Let d(g) be the third derivative of 0*g - g**3 + 0 - 1/24*g**4 + 9*g**s. Give d(-6).
0
Let d(u) be the third derivative of -u**6/120 + u**5/20 + 5*u**4/24 - u**3/2 + 9*u**2 - 7*u. Give d(3).
12
Let b(y) = -380*y + 1. Let h(t) = -169*t + 1. Let c(m) = -4*b(m) + 9*h(m). Suppose 0 = -4*s - s - 20. What is c(s)?
9
Let i(n) = 7*n - 49. Suppose 2*l = -x + 31, -200*l = 2*x - 204*l - 14. Give i(x).
84
Let k be (-14)/(-259) - 4704/(-592). Let f(i) = 2*i**2 - 8*i - 68. Determine f(k).
-4
Let i(q) be the second derivative of q**5/40 + q**4/6 + 13*q**3/3 + 2*q - 4. Let h(b) be the second derivative of i(b). Let u = -26 + 30. What is h(u)?
16
Let j(h) = 2*h**2 + 11*h + 10. Let w = -189 + 212. Let c be 6 - (w + -6 - 4). Calculate j(c).
31
Suppose 3*p + 3 = 0, -2*w + 18 = p - 3*p. Let r(g) = -w*g + 19*g + 7 - 12*g. Let z = -246 + 251. Calculate r(z).
2
Let v(s) be the first derivative of -7*s**3 - s**2/2 - s + 9664. Suppose i - 2*y + 5 = -4*i, -3*i + y = 3. Determine v(i).
-21
Let j(o) = 12*o**2 + 60 - 11 - 877*o**3 + 878*o**3 + 6*o - 1. What is j(-12)?
-24
Let b(o) = -o**3 + 15*o**2 - 13*o - 30. Let k be b(14). Let t(d) = 4*d + 69. Let r be t(k). Let y(m) = m**3 - 5*m**2 - m + 7. Calculate y(r).
2
Let f(p) = 14*p**2 - 3*p - 12 + 19*p**2 - 45*p**2 + 23*p + 11*p**2. Calculate f(11).
87
Let o(t) = -1135*t + 283 + t**2 + 599*t + 489*t. What is o(7)?
3
Let n(x) = -x**3 - x**2 + 3*x + 3. Let b(z) = 11 - 5 - 7 + 4*z**2 - 7 - 23*z. Let v(d) = -d**2 + 7*d - 4. Let c be v(5). Let p be b(c). What is n(p)?
1
Let f(s) be the second derivative of 9 + 2*s - 1/12*s**4 + s**2 - 13/6*s**3. What is